{"id":7,"date":"2016-04-27T14:15:41","date_gmt":"2016-04-27T13:15:41","guid":{"rendered":"http:\/\/laurentpierquin.com\/?page_id=7"},"modified":"2021-06-02T17:17:39","modified_gmt":"2021-06-02T16:17:39","slug":"biographie","status":"publish","type":"page","link":"https:\/\/laurentpierquin.com\/index.php\/biographie\/","title":{"rendered":"BIOGRAPHIE"},"content":{"rendered":"<p><!-- Google Tag Manager (noscript) --><br \/>\n<noscript><iframe loading=\"lazy\" src=\"https:\/\/www.googletagmanager.com\/ns.html?id=GTM-5ZFJQL\" height=\"0\" width=\"0\" style=\"display:none;visibility:hidden\"><\/iframe><\/noscript><br \/>\n<!-- End Google Tag Manager (noscript) --><br \/>\n\/\/ ]]&gt;<br \/>\nLaurent PIERQUIN oeuvre comme Auteur-Compositeur-Interpr\u00e8te mais \u00e9galement comme psychologue clinicien aupr\u00e8s d&rsquo;enfants.<\/p>\n<p>N\u00e9 le 17 septembre 1971, \u00e0 Villers semeuse dans les Ardennes (FRANCE) et a grandi \u00e0 WARCQ.<\/p>\n<p><!--more--><\/p>\n<h2>BIOGRAPHIE<\/h2>\n<p>Il grandit dans un petit village des Ardennes, dont son p\u00e8re \u00e0 la suite de son grand-p\u00e8re furent les maires. C\u2019est \u00e0 ce titre que Lucien Pierquin, son grand-p\u00e8re<span class=\"Apple-converted-space\">&nbsp; <\/span>\u00e0 l\u2019occasion de la sainte C\u00e9cile lui remettra ses premiers dipl\u00f4mes \u00e0 l\u2019\u00e9cole de Musique du village.<\/p>\n<p>Grandissant dans le respect des traditions populaires, il est musicien dans l\u2019harmonie municipale de WARCQ. Arborant fi\u00e8rement son trombone coulisse, d\u00e8s l\u2019\u00e2ge de 10 ans, il participe aux parades et aux concerts municipaux. Des marches militaires comme la marche de la 2eme DB aux standards de jazz, le r\u00e9pertoire emplit d\u00e9j\u00e0 les oreilles du musicien en herbe d\u2019une vraie diversit\u00e9 sonores. A 6 ans, il commence le piano. Sa professeur, Madame JACQUES, lui apprend \u00e0 d\u00e9finir ses go\u00fbts musicaux. De l\u2019harmonie municipale, du trombone aux cours de piano, Laurent baigne dans la musique, et se laisse impr\u00e9gner de ce que son environnement lui permet. Il se construit en tant que musicien sans le savoir, mais ne s\u2019autorise pas \u00e0 en faire son d\u00e9sir d\u2019avenir.<\/p>\n<p>La musique n\u2019est pas per\u00e7ue comme un m\u00e9tier. Son p\u00e8re est expert-comptable dans la lign\u00e9e de son propre p\u00e8re et sa m\u00e8re \u00e0 cette \u00e9poque suit les lignes d\u2019une \u00e9ducation bourgeoise. Il entame donc des \u00e9tudes de commerce pour se rendre compte au bout de X mois que ses valeurs humaines n\u2019y trouvent pas leur compte. Il s\u2019oriente alors vers la psychologie, et obtient son dipl\u00f4me de psychologue en 1998 dans une \u00e9cole reconnue \u00e0 Paris. Pendant cette p\u00e9riode d\u2019\u00e9tudes secondaires, la s\u00e9paration de ses parents marque sa vie. Sa m\u00e8re devient un soutien pour l\u2019artiste en devenir. Laurent entrem\u00eale ardemment \u00e9tude de psychologie et musique. Il a un groupe, fait de la musique tous les we, et surtout commence \u00e0 composer.<span class=\"Apple-converted-space\">&nbsp;<\/span><\/p>\n<p>Bien s\u00fbr \u00e0 l\u2019heure des choix qui imprimeront toute sa vie d\u2019adulte, la question du choix entre psychologie et musique se pose&nbsp;: doit il se consacrer exclusivement \u00e0 la musique ou l\u2019abandonner au profit de la psychologie.<\/p>\n<p>Son exp\u00e9rience psychanalytique de 1995 \u00e0 2010, le conduira, \u00e0 r\u00e9pondre par l\u2019inclusive plut\u00f4t que par l\u2019exclusive. Il choisit et il oeuvrera donc comme musicien et comme psychologue, l\u2019un devant nourrir l\u2019autre.<\/p>\n<p>R\u00e9concili\u00e9, il traverse alors une p\u00e9riode tr\u00e8s riche en rencontres et r\u00e9alisations. Il travaille sur les textes de Paul Verlaine, extrait du recueil \u0152uvres Libres, rencontre Jo Bari, chanteur africain et joueur de sanza avec lequel il compose deux albums aux sonorit\u00e9s ethniques, travaille avec des r\u00e9alisateurs de courts-m\u00e9trage, Gwena\u00ebl Mulsant, Johan Boulanger et Victor Sumont et compose en solo de nombreux albums. <span class=\"Apple-converted-space\">&nbsp;<\/span><\/p>\n<p>Laurent est pianiste de formation mais a une facilit\u00e9 d\u00e9concertante \u00e0 jouer et d\u00e9couvrir d\u2019autres instruments pour nourrir ses compositions (fl\u00fbtes, contrebasse, guitare, percussions&#8230;) de sons acoustiques. Auteur, compositeur, interpr\u00e8te, il puise dans son quotidien, les rencontres, les voyages, ses inspirations, il en ressort une \u0153uvre musicales qui vous fera voyager dans des univers diff\u00e9rents.<\/p>\n<p>Pr\u00e9senter Laurent Pierquin, c\u2019est aussi se relier au monde de l\u2019enfance aussi.<span class=\"Apple-converted-space\">&nbsp; <\/span>Laurent n\u2019est pas devenu psychologue pour enfant pour rien. Jouer avec eux, composer pour eux pour leur raconter des histoires, et les faire aller bien ou mieux, l\u00e0 est aussi tout l\u2019un de ses univers. Ainsi Laurent compose les musiques de l\u2019Album Un arc en ciel dans la t\u00eate, sur des textes de Thierry Bonneyrat, qui rencontre un beau succ\u00e8s sur le plateformes X, .Avec le m\u00eame auteur, il compose le conte Rapha\u00eblle dans les Etoiles, et invite la dessinatrice\u2026..pour l\u2019illustrer joliment. Puis Laurent devient p\u00e8re. Lucie lui inspire deux magnifiques albums, <i>Chansons pour Nourrissons<\/i>, qui fait l\u2019objet d\u2019un coffret livre avec le cr\u00e9ations originales de X et vendu en librairie. Cet album m\u00ealent des m\u00e9lodies tendres comme des berceuses \u00e0 d\u2019autres entra\u00eenantes et espi\u00e8gles, en acappella \u00e0 plusieurs voix. Plus tard alors que Lucie grandit&nbsp;: <i>La petite Lucie <\/i>d\u00e9couvre le monde.<\/p>\n<p>Puis en 20X, Laurent monte sur sc\u00e8ne, avec un album piano voix intimiste&nbsp;\u00ab&nbsp;Les petits gestes&nbsp;\u00bb&nbsp;: Compositions sur les \u00e9motions qui traversent nos quotidiens et le rendent vrai. Des moments rares et pr\u00e9cieux partag\u00e9s avec son public.<\/p>\n<p>Pendant 3 ans, il m\u00e8ne une grande aventure, celle de finaliser une \u0153uvre d\u00e9but\u00e9e 20 ans plus t\u00f4t&nbsp;: Un requiem. Il reprend ses partitions, les travaille pour orchestre, puis il r\u00e9colte des fonds, pour financer l\u2019enregistrement par un orchestre professionnel. Il va en Mac\u00e9doine participer \u00e0 l\u2019enregistrement par l\u2019orchestre \u2026\u2026 et il distribue le requiem\u2026.. La musique sacr\u00e9e s\u2019\u00e9l\u00e8ve alors pour accompagner les moments de deuils avec solennelit\u00e9, intimit\u00e9 et justesse.<\/p>\n<p>Au final, c\u2019est sans nul doute ce que fait Laurent Pierquin, le musicien psychologue&nbsp;: Au fil de sa musique, de ses compositions, de son chant et de ses rencontres musicales, il met les mots et les notes justes et sensibles sur nos vies.<\/p>\n<h2>DISCOGRAPHIE<\/h2>\n<h3>ALBUMS<\/h3>\n<p>1997 : OEUVRES LIBRES sur des textes de Paul VERLAINE<\/p>\n<p>2000 : Relaxation volume 1 et 2<\/p>\n<p>2002 : RENCONTRE avec JO BARI<\/p>\n<p>2004 : SUR LE CHEMIN avec JO BARI<\/p>\n<p>2005 : UN ARC EN CIEL DANS LA TETE sur des texte de THIERRY BONNERAT<\/p>\n<p>2006 : GAMELAN VARIATIONS<\/p>\n<p>2007 : PLAIES ET BOSSES sur des textes de Herv\u00e9 RABILLARD<\/p>\n<p>2008 : RAPHAELLE DANS LES ETOILES sur des textes de Thierry BONNEYRAT<\/p>\n<p>2009 : CHANSONS POUR NOURRISSONS<\/p>\n<p>2014 : LES PETITS GESTES<\/p>\n<p>2017 : QUAND LES COQUELICOTS<\/p>\n<h3>MUSIQUE A L&rsquo;IMAGE<\/h3>\n<p>2005 : SOLEIL BLEU court m\u00e9trage de Gwenael MULSANT<\/p>\n<p>2005 : LA CASSE DU SIECLE court m\u00e9trage de Victor SAUMONT<\/p>\n<p>2004 : CONTRAINTE DE LIBERTE<\/p>\n<p>2006 : ENSANGBLE court m\u00e9trage de Johan BOULANGER<\/p>\n<p>2007 : A SAINT GERMAINS DES PRES court m\u00e9trage de Pierre BOUTHINON<\/p>\n<p>2008 : NEW YORK 2 ANS APRES, court m\u00e9trage de Laure MARIE LANOE<\/p>\n<p>2008 : LES CHEVEUX<\/p>\n<p>2012 : LA PREUVE PAR 9, documentaire r\u00e9alis\u00e9 et produit par le GREPFA<\/p>\n<p>2013 : LES TROIX PETITS DIEUX ET L&rsquo;ARBRE SACRE<\/p>\n<p>2017 : 3 CLIPS extrait de l\u2019albums \u00ab&nbsp;QUAND LES COQUELICOTS&nbsp;\u00bb<\/p>\n<p>2018 : CORALINE, la naissance d\u2019une f\u00e9e.<\/p>\n<p>2020 : REQUIEM<\/p>\n<h3>ECRITS<\/h3>\n<p>2001 : GUIDE DE L&rsquo;ADOLESCENT : DE 10 ans \u00e0 25 ans par Alain BRACONNIER, aux \u00e9ditions ODILES JACOB<\/p>\n<p>2011 : CHANSONS POUR NOURRISSONS aux \u00e9ditions du Moulin de l&rsquo;Etoile<\/p>\n","protected":false},"excerpt":{"rendered":"<p>\/\/ ]]&gt; Laurent PIERQUIN oeuvre comme Auteur-Compositeur-Interpr\u00e8te mais \u00e9galement comme psychologue clinicien aupr\u00e8s d&rsquo;enfants. N\u00e9 le 17 septembre 1971, \u00e0 Villers semeuse dans les Ardennes (FRANCE) et a grandi \u00e0<a href=\"https:\/\/laurentpierquin.com\/index.php\/biographie\/\">&#8230; En savoir plus.<\/a><\/p>\n","protected":false},"author":1,"featured_media":0,"parent":0,"menu_order":0,"comment_status":"closed","ping_status":"closed","template":"","meta":{"footnotes":""},"class_list":["post-7","page","type-page","status-publish","hentry"],"_links":{"self":[{"href":"https:\/\/laurentpierquin.com\/index.php\/wp-json\/wp\/v2\/pages\/7","targetHints":{"allow":["GET"]}}],"collection":[{"href":"https:\/\/laurentpierquin.com\/index.php\/wp-json\/wp\/v2\/pages"}],"about":[{"href":"https:\/\/laurentpierquin.com\/index.php\/wp-json\/wp\/v2\/types\/page"}],"author":[{"embeddable":true,"href":"https:\/\/laurentpierquin.com\/index.php\/wp-json\/wp\/v2\/users\/1"}],"replies":[{"embeddable":true,"href":"https:\/\/laurentpierquin.com\/index.php\/wp-json\/wp\/v2\/comments?post=7"}],"version-history":[{"count":8,"href":"https:\/\/laurentpierquin.com\/index.php\/wp-json\/wp\/v2\/pages\/7\/revisions"}],"predecessor-version":[{"id":721,"href":"https:\/\/laurentpierquin.com\/index.php\/wp-json\/wp\/v2\/pages\/7\/revisions\/721"}],"wp:attachment":[{"href":"https:\/\/laurentpierquin.com\/index.php\/wp-json\/wp\/v2\/media?parent=7"}],"curies":[{"name":"wp","href":"https:\/\/api.w.org\/{rel}","templated":true}]}}